{"id":101170,"date":"2025-03-18T19:14:10","date_gmt":"2025-03-18T19:14:10","guid":{"rendered":"http:\/\/volustuudio.ee\/epood\/?post_type=product&#038;p=101170"},"modified":"2025-03-18T19:15:50","modified_gmt":"2025-03-18T19:15:50","slug":"whole-c-reset-60-kapslit-toidulisand-loodusliku-c-vitamiiniga","status":"publish","type":"product","link":"https:\/\/volustuudio.ee\/epood\/product\/whole-c-reset-60-kapslit-toidulisand-loodusliku-c-vitamiiniga\/","title":{"rendered":"Whole C Reset\u00ae, (toidulisand loodusliku C-vitamiiniga)"},"content":{"rendered":"<div class=\"custom-accordion\"><br \/>\n<div class=\"accordion-section\">\n                <div class=\"accordion-header\" style=\"cursor:pointer; font-weight:bold; padding:10px; background:#f7f7f7; border:1px solid #ddd;\">\n                    Kirjeldus<span class=\"accordion-arrow\" style=\"float:right;\">&#x25BC;<\/span>\n                <\/div>\n                <div class=\"accordion-content\" style=\"display:none; padding:10px;\"><\/p>\n<p><strong>Vitamiin C funktsioonid:\u00a0<\/strong><\/p>\n<ul>\n<li>Vitamiin C aitab kaasa kollageeni normaalsele moodustumisele veresoonte, \u00a0luude, \u00a0k\u00f5hrkoe, igemete, naha ja hammaste normaalseks talitluseks.<\/li>\n<li>Vitamiin C aitab kaasa normaalsele energiavahetusele, n\u00e4rvis\u00fcsteemi ja \u00a0immuuns\u00fcsteemi talitlusele ning ps\u00fchholoogistele funktsioonidele.<\/li>\n<li>Vitamiin C aitab kaasa E-vitamiini algvormi taastekkimisele ja suurendab raua imendumist.<\/li>\n<li>Vitamiin C aitab kaitsta rakke oks\u00fcdatiivse stressi eest ning v\u00e4hendada v\u00e4simust ja kurnatust.<\/li>\n<li>Vitamiin C aitab kaasa immuuns\u00fcsteemi normaalse talitluse s\u00e4ilimisele intensiivse kehalise koormuse ajal ja p\u00e4rast seda. Kasulik toime avaldub siis, kui p\u00e4evas tarbitakse 200 mg lisaks soovitatavale p\u00e4evasele C-vitamiini kogusele.<\/li>\n<\/ul>\n<p><strong>RnA ReSet\u00ae<\/strong> tooted seavad uue standardi, kuidas l\u00e4heneda toitainep\u00f5histele eesm\u00e4rkidele. Me m\u00f5istame, et kurnatud pinnas ja t\u00f6\u00f6deldud toit kahandavad m\u00e4rkimisv\u00e4\u00e4rselt oluliste toitainete sisaldust organismis. <strong>T\u00e4nap\u00e4eva tarbija vajab terviklikke tooteid<\/strong>, mis vastavad looduse enda valitud funktsioonidele ja imendumise standarditele. Me toetume inimkeha bioloogiliste s\u00fcsteemide intelligentsele disainile ja usume, et sobivate toitainete olemasolul suudab organism asjakohaselt toetada rakkude, kudede, luude ja\/v\u00f5i elundite struktuure ja funktsioone.<\/p>\n<p>Sisaldab: 60 kapslit<\/p>\n<p><\/div>\n            <\/div><br \/>\n<div class=\"accordion-section\">\n                <div class=\"accordion-header\" style=\"cursor:pointer; font-weight:bold; padding:10px; background:#f7f7f7; border:1px solid #ddd;\">\n                    Kuidas kasutada?<span class=\"accordion-arrow\" style=\"float:right;\">&#x25BC;<\/span>\n                <\/div>\n                <div class=\"accordion-content\" style=\"display:none; padding:10px;\"><\/p>\n<p><strong>Tarvitamisjuhend:<\/strong><\/p>\n<p>V\u00f5tke 1-2 kapslit p\u00e4evas koos toiduga v\u00f5i ilma. Toode on m\u00f5eldud t\u00e4iskasvanutele (alates 15.a). Sobib rasedatele.<br \/>\nMitte \u00fcletada p\u00e4evaseks tarbimiseks soovitatavat kogust! Oluline on toituda mitmek\u00fclgselt ja tasakaalustatult ning harrastada tervislikku elustiili! Mitte kasutada toidulisandit mitmekesise toitumise asendajana! Hoida toodet lastele k\u00e4ttesaamatus kohas!<br \/>\nKui te saate ravi v\u00f5i toidate last rinnaga, pidage enne toidulisandi kasutamist n\u00f5u oma arstiga.<br \/>\nKui teil tekib m\u00f5ne koostisosa suhtes allergiline reaktsioon, jooge suur klaas vett ja v\u00f5tke \u00fchendust arstiga.<\/p>\n<p><strong>S\u00e4ilitamine<\/strong>: Hoida tihedalt suletuna toatemperatuuril kuivas kohas otsese p\u00e4ikesevalguse eest kaitstult.<\/p>\n<p><\/div>\n            <\/div><br \/>\n<div class=\"accordion-section\">\n                <div class=\"accordion-header\" style=\"cursor:pointer; font-weight:bold; padding:10px; background:#f7f7f7; border:1px solid #ddd;\">\n                    Koostis<span class=\"accordion-arrow\" style=\"float:right;\">&#x25BC;<\/span>\n                <\/div>\n                <div class=\"accordion-content\" style=\"display:none; padding:10px;\"><\/p>\n<p><strong>Koostisosad<\/strong>: C-vitamiin (L-askorbiinhape), harilik oder (<em>Hordeum vulgare<\/em>) pulber seemnetest, naturaalselt C vitamiini sisaldav viljade segu: Amla vili (amalaki \u00f5islehik, India karusmarjapuu, <em>Phyllanthus emblica<\/em>), acai (Salat-euterpepalm, <em>Euterpe oleracea<\/em>), acerola (atseroola, <em>Malpighia emarginata<\/em>), j\u00f5hvikas (<em>Vaccinium spp<\/em>.), Goji (Harilik taral\u00f5ng, <em>Lycium spp<\/em>.), Jabuticaba (<em>Plinia cauliflora<\/em>), Mangosteen (<em>Garcinia mangostana<\/em>), Maqui (<em>Aristotelia chilensis<\/em>), granaat\u00f5un (Harilik granaadipuu, <em>Punica granatum<\/em>), aedmaasikas (<em>Fragaria \u00d7 ananassa<\/em>), riisikliid ja riisikestad, taimne kapsel (stabilisaator: h\u00fcdroks\u00fcprop\u00fc\u00fclmet\u00fc\u00fcltselluloos).<\/p>\n<p><strong>Ei sisalda<\/strong> piimatooteid, muna, suhkrut, maisi, soja, t\u00e4rklist, kunstlikke maitse-, v\u00e4rv- ja s\u00e4ilitusaineid ega loomseid k\u00f5rvalsaadusi. GMO vaba. Sobib veganitele.<\/p>\n<p><\/div>\n            <\/div><br \/>\n<\/div>\n","protected":false},"excerpt":{"rendered":"<ul style=\"font-weight: 400;\">\n<li>Looduslik C-vitamiin igap\u00e4evaseks kasutamiseks<\/li>\n<li>250 mg kapsli kohta \u2013 500 mg p\u00e4evase portsjoni kohta<\/li>\n<li>C-vitamiin, mis saadud terviklikust toortoidust &#8211; \u00a0amla viljad, acai, acerola jt<\/li>\n<li>Sobib veganitele ja rasedatele<\/li>\n<li>C-vitamiin on t\u00e4nap\u00e4eval k\u00f5ige populaarsem vitamiin maailmas<\/li>\n<\/ul>\n<p style=\"font-weight: 400;\">Enamik C-vitamiini toidulisandeid sisaldab vaid \u00fchte koostisosa &#8211; askorbiinhapet. C-vitamiinil on aga palju erinevaid vorme, mis k\u00f5ik sisalduvad toidus, kuid mitte k\u00f5iki pole veel tuvastatud. Erinevad askorbaadid toimivad s\u00fcnergias koos mitmete lahutamatute kaasfaktoritega nagu bioflavonoidid, struktuurvalgud, erinevad ens\u00fc\u00fcmid jne.<\/p>\n","protected":false},"featured_media":101171,"comment_status":"open","ping_status":"closed","template":"","meta":{"_et_pb_use_builder":"","_et_pb_old_content":"","_et_gb_content_width":""},"product_brand":[],"product_cat":[60],"product_tag":[],"class_list":{"0":"post-101170","1":"product","2":"type-product","3":"status-publish","4":"has-post-thumbnail","6":"product_cat-rna","8":"first","9":"instock","10":"shipping-taxable","11":"purchasable","12":"product-type-simple"},"_links":{"self":[{"href":"https:\/\/volustuudio.ee\/epood\/wp-json\/wp\/v2\/product\/101170","targetHints":{"allow":["GET"]}}],"collection":[{"href":"https:\/\/volustuudio.ee\/epood\/wp-json\/wp\/v2\/product"}],"about":[{"href":"https:\/\/volustuudio.ee\/epood\/wp-json\/wp\/v2\/types\/product"}],"replies":[{"embeddable":true,"href":"https:\/\/volustuudio.ee\/epood\/wp-json\/wp\/v2\/comments?post=101170"}],"wp:featuredmedia":[{"embeddable":true,"href":"https:\/\/volustuudio.ee\/epood\/wp-json\/wp\/v2\/media\/101171"}],"wp:attachment":[{"href":"https:\/\/volustuudio.ee\/epood\/wp-json\/wp\/v2\/media?parent=101170"}],"wp:term":[{"taxonomy":"product_brand","embeddable":true,"href":"https:\/\/volustuudio.ee\/epood\/wp-json\/wp\/v2\/product_brand?post=101170"},{"taxonomy":"product_cat","embeddable":true,"href":"https:\/\/volustuudio.ee\/epood\/wp-json\/wp\/v2\/product_cat?post=101170"},{"taxonomy":"product_tag","embeddable":true,"href":"https:\/\/volustuudio.ee\/epood\/wp-json\/wp\/v2\/product_tag?post=101170"}],"curies":[{"name":"wp","href":"https:\/\/api.w.org\/{rel}","templated":true}]}}