{"id":101114,"date":"2025-03-18T16:54:15","date_gmt":"2025-03-18T16:54:15","guid":{"rendered":"http:\/\/volustuudio.ee\/epood\/?post_type=product&#038;p=101114"},"modified":"2025-07-01T09:36:15","modified_gmt":"2025-07-01T09:36:15","slug":"omega3","status":"publish","type":"product","link":"https:\/\/volustuudio.ee\/epood\/product\/omega3\/","title":{"rendered":"Omega 3 Algae A+E\u00ae, 60 pehmekapslit (vegan vetika\u00f5li)"},"content":{"rendered":"<div class=\"custom-accordion\"><br \/>\n<div class=\"accordion-section\">\n                <div class=\"accordion-header\" style=\"cursor:pointer; font-weight:bold; padding:10px; background:#f7f7f7; border:1px solid #ddd;\">\n                    Kirjeldus<span class=\"accordion-arrow\" style=\"float:right;\">&#x25BC;<\/span>\n                <\/div>\n                <div class=\"accordion-content\" style=\"display:none; padding:10px;\"><br \/>\n<strong>Omega-3 Algae A+E\u00ae<\/strong> vegan vetika\u00f5li toodetakse algusest l\u00f5puni USA k\u00f5ige kaasaegsemates laborites. Kogu protsess algab vetikate rakukultuurist, mida kasvatatakse kontrollitud, patenteeritud protsessi abil ning mille tulemuseks on eranditult puhas, looduslikult tugev ja t\u00f5hus tooraine. Tootmisprotsess on j\u00e4tkusuutlik, aidates v\u00e4ltida \u00fclep\u00fc\u00fcki ja toetades mere\u00f6kos\u00fcsteemide stabiilsust.<br \/>\n<\/div>\n            <\/div><br \/>\n<div class=\"accordion-section\">\n                <div class=\"accordion-header\" style=\"cursor:pointer; font-weight:bold; padding:10px; background:#f7f7f7; border:1px solid #ddd;\">\n                    Kuidas kasutada?<span class=\"accordion-arrow\" style=\"float:right;\">&#x25BC;<\/span>\n                <\/div>\n                <div class=\"accordion-content\" style=\"display:none; padding:10px;\"><br \/>\n<strong>P\u00e4evaseks tarbimiseks soovitatav kogus ja tarbimisjuhend:<\/strong><br \/>\nV\u00f5tta 2 pehmekapslit p\u00e4evas koos toiduga v\u00f5i ilma. Mitte \u00fcletada soovitatud p\u00e4evast kogust! Oluline on toituda mitmek\u00fclgselt ja tasakaalustatult ning j\u00e4rgida tervislikku elustiili. Hoida toodet lastele k\u00e4ttesaamatus kohas ning s\u00e4ilitada kuivas, jahedas kohas.<br \/>\n<\/div>\n            <\/div><br \/>\n<div class=\"accordion-section\">\n                <div class=\"accordion-header\" style=\"cursor:pointer; font-weight:bold; padding:10px; background:#f7f7f7; border:1px solid #ddd;\">\n                    Koostis<span class=\"accordion-arrow\" style=\"float:right;\">&#x25BC;<\/span>\n                <\/div>\n                <div class=\"accordion-content\" style=\"display:none; padding:10px;\"><br \/>\n<strong>Koostisosad:<br \/>\n<\/strong> Mikrovetikast Schizochytrium sp. saadud DHA- ja EPA-rikas \u00f5li (oomega-3 ja oomega-6 rasvhapped), kapsli kest (puhastatud vesi, modifitseeritud tapiokit\u00e4rklis, niiskuses\u00e4ilitaja: gl\u00fctserool), vitamiin A (beetakaroteen), vitamiin E (tokoferooli segu) ja rosmariini\u00f5li (Rosmarinus L.). Ei sisalda gluteeni, laktoosi, piima, muna ega kunstlikke lisaaineid. GMO vaba ja sobib veganitele.<br \/>\n<\/div>\n            <\/div><br \/>\n<\/div>\n","protected":false},"excerpt":{"rendered":"<p style=\"font-weight: 400;\"><strong>Toidulisand &#8211; vegan OOMEGA-3 rasvhapped vetikatest koos A- ja E-vitamiiniga<\/strong><\/p>\n<p style=\"font-weight: 400;\"><strong>\u00a0Parim oomega-3 toidulisand inimesele, kes:<\/strong><\/p>\n<ul style=\"font-weight: 400;\">\n<li>soovib kasutada vegan toodet. Oomega-3 rasvhapped on saadud vetika\u00f5list<\/li>\n<li>tarbib v\u00e4hem kui kaks portsjonit rasvast kala n\u00e4dalas (tuunikala, l\u00f5he v\u00f5i heeringas)<\/li>\n<li>on kalade suhtes allergiline<\/li>\n<li>soovib tagada igap\u00e4evase EPA ja DHA tarbimise<\/li>\n<li>soovib saada kasu beetakaroteenist ja E-vitamiinist<\/li>\n<li>valib j\u00e4tkusuutlikkuse \u2013 vegan toode aitab v\u00e4ltida krilli ja kalade \u00fclep\u00fc\u00fcki<\/li>\n<\/ul>\n","protected":false},"featured_media":101115,"comment_status":"open","ping_status":"closed","template":"","meta":{"_et_pb_use_builder":"","_et_pb_old_content":"","_et_gb_content_width":""},"product_brand":[],"product_cat":[60],"product_tag":[],"class_list":{"0":"post-101114","1":"product","2":"type-product","3":"status-publish","4":"has-post-thumbnail","6":"product_cat-rna","8":"first","9":"instock","10":"shipping-taxable","11":"purchasable","12":"product-type-simple"},"_links":{"self":[{"href":"https:\/\/volustuudio.ee\/epood\/wp-json\/wp\/v2\/product\/101114","targetHints":{"allow":["GET"]}}],"collection":[{"href":"https:\/\/volustuudio.ee\/epood\/wp-json\/wp\/v2\/product"}],"about":[{"href":"https:\/\/volustuudio.ee\/epood\/wp-json\/wp\/v2\/types\/product"}],"replies":[{"embeddable":true,"href":"https:\/\/volustuudio.ee\/epood\/wp-json\/wp\/v2\/comments?post=101114"}],"wp:featuredmedia":[{"embeddable":true,"href":"https:\/\/volustuudio.ee\/epood\/wp-json\/wp\/v2\/media\/101115"}],"wp:attachment":[{"href":"https:\/\/volustuudio.ee\/epood\/wp-json\/wp\/v2\/media?parent=101114"}],"wp:term":[{"taxonomy":"product_brand","embeddable":true,"href":"https:\/\/volustuudio.ee\/epood\/wp-json\/wp\/v2\/product_brand?post=101114"},{"taxonomy":"product_cat","embeddable":true,"href":"https:\/\/volustuudio.ee\/epood\/wp-json\/wp\/v2\/product_cat?post=101114"},{"taxonomy":"product_tag","embeddable":true,"href":"https:\/\/volustuudio.ee\/epood\/wp-json\/wp\/v2\/product_tag?post=101114"}],"curies":[{"name":"wp","href":"https:\/\/api.w.org\/{rel}","templated":true}]}}