{"id":101019,"date":"2025-03-15T09:51:50","date_gmt":"2025-03-15T09:51:50","guid":{"rendered":"http:\/\/volustuudio.ee\/epood\/?post_type=product&#038;p=101019"},"modified":"2025-04-10T07:21:55","modified_gmt":"2025-04-10T07:21:55","slug":"osho-meditatsioon","status":"publish","type":"product","link":"https:\/\/volustuudio.ee\/epood\/product\/osho-meditatsioon\/","title":{"rendered":"Osho meditatsioon"},"content":{"rendered":"<h4><strong>Kirjeldus<\/strong><\/h4>\n<p>Meditatsioonid l\u00e4htuvalt kliendi hetkeseisundist.Osho aktiivsed meditatsioonid ja tasakaalustavad h\u00fcpnootilised meditatsioonid, r\u00e4nnakud.<\/p>\n","protected":false},"excerpt":{"rendered":"<p>Kirjeldus Meditatsioonid l\u00e4htuvalt kliendi hetkeseisundist.Osho aktiivsed meditatsioonid ja tasakaalustavad h\u00fcpnootilised meditatsioonid, r\u00e4nnakud.<\/p>\n","protected":false},"featured_media":100992,"comment_status":"open","ping_status":"closed","template":"","meta":{"_et_pb_use_builder":"","_et_pb_old_content":"","_et_gb_content_width":""},"product_brand":[],"product_cat":[56,62],"product_tag":[],"class_list":{"0":"post-101019","1":"product","2":"type-product","3":"status-publish","4":"has-post-thumbnail","6":"product_cat-meditatsioon","7":"product_cat-teenused","9":"first","10":"instock","11":"shipping-taxable","12":"purchasable","13":"product-type-variable"},"_links":{"self":[{"href":"https:\/\/volustuudio.ee\/epood\/wp-json\/wp\/v2\/product\/101019","targetHints":{"allow":["GET"]}}],"collection":[{"href":"https:\/\/volustuudio.ee\/epood\/wp-json\/wp\/v2\/product"}],"about":[{"href":"https:\/\/volustuudio.ee\/epood\/wp-json\/wp\/v2\/types\/product"}],"replies":[{"embeddable":true,"href":"https:\/\/volustuudio.ee\/epood\/wp-json\/wp\/v2\/comments?post=101019"}],"wp:featuredmedia":[{"embeddable":true,"href":"https:\/\/volustuudio.ee\/epood\/wp-json\/wp\/v2\/media\/100992"}],"wp:attachment":[{"href":"https:\/\/volustuudio.ee\/epood\/wp-json\/wp\/v2\/media?parent=101019"}],"wp:term":[{"taxonomy":"product_brand","embeddable":true,"href":"https:\/\/volustuudio.ee\/epood\/wp-json\/wp\/v2\/product_brand?post=101019"},{"taxonomy":"product_cat","embeddable":true,"href":"https:\/\/volustuudio.ee\/epood\/wp-json\/wp\/v2\/product_cat?post=101019"},{"taxonomy":"product_tag","embeddable":true,"href":"https:\/\/volustuudio.ee\/epood\/wp-json\/wp\/v2\/product_tag?post=101019"}],"curies":[{"name":"wp","href":"https:\/\/api.w.org\/{rel}","templated":true}]}}