{"id":101016,"date":"2025-03-15T09:49:46","date_gmt":"2025-03-15T09:49:46","guid":{"rendered":"http:\/\/volustuudio.ee\/epood\/?post_type=product&#038;p=101016"},"modified":"2025-04-12T12:18:41","modified_gmt":"2025-04-12T12:18:41","slug":"holistiline-tsakra-massaaz","status":"publish","type":"product","link":"https:\/\/volustuudio.ee\/epood\/product\/holistiline-tsakra-massaaz\/","title":{"rendered":"Holistiline T\u0161akra massaa\u017e"},"content":{"rendered":"<h4><strong>Kirjeldus<\/strong><\/h4>\n<p>Massaa\u017e energiakeskustele Aura -Soma meetodil. M\u00f5jutus erinevatel tasanditel kehaline, hingeline e. aura tasand, vaimne k\u00f5rgem tasand. Kasutatakse Equilibriumi t\u0161akra v\u00e4rvi pudeleid, poolv\u00e4\u00e4riskive, taime essentse, t\u0161akra klahve.<\/p>\n","protected":false},"excerpt":{"rendered":"<p>Kirjeldus Massaa\u017e energiakeskustele Aura -Soma meetodil. M\u00f5jutus erinevatel tasanditel kehaline, hingeline e. aura tasand, vaimne k\u00f5rgem tasand. Kasutatakse Equilibriumi t\u0161akra v\u00e4rvi pudeleid, poolv\u00e4\u00e4riskive, taime essentse, t\u0161akra klahve.<\/p>\n","protected":false},"featured_media":100999,"comment_status":"open","ping_status":"closed","template":"","meta":{"_et_pb_use_builder":"","_et_pb_old_content":"","_et_gb_content_width":""},"product_brand":[],"product_cat":[50,62],"product_tag":[],"class_list":{"0":"post-101016","1":"product","2":"type-product","3":"status-publish","4":"has-post-thumbnail","6":"product_cat-massaaz","7":"product_cat-teenused","9":"first","10":"instock","11":"shipping-taxable","12":"purchasable","13":"product-type-variable"},"_links":{"self":[{"href":"https:\/\/volustuudio.ee\/epood\/wp-json\/wp\/v2\/product\/101016","targetHints":{"allow":["GET"]}}],"collection":[{"href":"https:\/\/volustuudio.ee\/epood\/wp-json\/wp\/v2\/product"}],"about":[{"href":"https:\/\/volustuudio.ee\/epood\/wp-json\/wp\/v2\/types\/product"}],"replies":[{"embeddable":true,"href":"https:\/\/volustuudio.ee\/epood\/wp-json\/wp\/v2\/comments?post=101016"}],"wp:featuredmedia":[{"embeddable":true,"href":"https:\/\/volustuudio.ee\/epood\/wp-json\/wp\/v2\/media\/100999"}],"wp:attachment":[{"href":"https:\/\/volustuudio.ee\/epood\/wp-json\/wp\/v2\/media?parent=101016"}],"wp:term":[{"taxonomy":"product_brand","embeddable":true,"href":"https:\/\/volustuudio.ee\/epood\/wp-json\/wp\/v2\/product_brand?post=101016"},{"taxonomy":"product_cat","embeddable":true,"href":"https:\/\/volustuudio.ee\/epood\/wp-json\/wp\/v2\/product_cat?post=101016"},{"taxonomy":"product_tag","embeddable":true,"href":"https:\/\/volustuudio.ee\/epood\/wp-json\/wp\/v2\/product_tag?post=101016"}],"curies":[{"name":"wp","href":"https:\/\/api.w.org\/{rel}","templated":true}]}}